-3 + 70/25. Let t(z) = 6*z**3 + 10*z**2 - 7*z. Let r(x) = h*t(x) + 5*l(x). Calculate r(-5).
10
Let a be 0/((12/4)/3). Suppose 0*g + 3*g = 2*y + 20, -g - 2*y + 4 = a. Let i = 11 - g. Let l(c) = -c**3 + 5*c**2 - c + 7. Determine l(i).
2
Let f be (4 - 264/55)/((-6)/15). Let p(q) = -5*q**2 + q + 3. Let u(a) = -a**2 - a + 1. Let h(l) = -p(l) + u(l). Determine h(f).
10
Let k(r) = 1 + 3 + 0 + 39*r - 1 - 36*r. Let i(b) = -b**2 - 2*b - 3. Let g = 3 - 5. Let f be i(g). Calculate k(f).
-6
Let m(s) = -12 - 6*s - 12 - 13 + 26 + 3*s**2 - 4*s**2. What is m(-9)?
-38
Suppose 203 = 4*z - 3*s, 5*z - 2*s = 3*s + 260. Suppose -4*p = 51 - z. Let o(m) = 5*m + 1. Determine o(p).
-4
Let c(l) = l**2 - 14*l - 92. Let q be c(-5). Let o(h) = -h**2 - 5*h + 4. What is o(q)?
-20
Let s(i) be the third derivative of -i**6/720 - i**5/30 + 13*i**4/24 - 6*i**2. Let v(t) be the second derivative of s(t). Give v(-3).
-1
Let j(z) = -7*z**2 + 4*z + 5. Let i = 58 + -64. Let r(h) = -h**2 + h + 1. Let v(m) = i*r(m) + j(m). Determine v(-6).
-25
Suppose 19 = -4*q - 1. Let o(d) = -3*d**3 + 2*d**2 - 2*d + 3. Let i(k) = -7*k**3 + 3*k**2 - 5*k + 7. Let u(b) = q*o(b) + 2*i(b). Calculate u(4).
-1
Let m(q) = q**2 + 11*q - 31. Let u(w) = -6*w + 15. Let k(t) = -3*m(t) - 5*u(t). Let a(y) be the first derivative of k(y). What is a(-4)?
21
Let y(b) = -7*b**3 - 6*b**2 - 12*b + 1. Let m(g) = -g**3 - 2*g. Let j(k) = -k + 19. Let n be j(20). Let o(d) = n*y(d) + 6*m(d). What is o(-6)?
-1
Let j(s) be the first derivative of -s**3 + s**2/2 - 8*s - 11. Let m(h) = 2*h**2 + 4. Let r(g) = -3*j(g) - 5*m(g). Determine r(-3).
4
Let h(o) = -o**3 - 4*o**2 + 3*o + 3. Let r(z) = -z**2 + z. Let x(y) = -h(y) + 6*r(y). Suppose 27*s + 28 = 41*s. Determine x(s).
3
Let q(a) = a**2 + 3*a - 4. Let x(k) = -2*k**3 - 3*k**2 + k - 3. Let y be x(-3). Let b be (-7)/(y/(-45)) + -2. Suppose -b*u - 12 = -9*u. Determine q(u).
-4
Suppose 2*z + z = 5*l - 189, -81 = -2*l + 3*z. Suppose -l*w - 25 = -31*w. Let n(b) = b**3 + 4*b**2 - 4*b. Calculate n(w).
-5
Let o(z) = 1194*z - 2372*z + 1192*z - 1 - 4 - 2*z**2. What is o(6)?
7
Let n(x) = 17 - 28 - 67*x + 66*x. Give n(-12).
1
Suppose -4*l + 36 = -24. Let n(o) = -l - 12*o - 1 + 15. Calculate n(-1).
11
Let k = -591 + 595. Let g(j) = j**3 + 4*j - 1. Let p(f) = 2*f**3 - f**2 + 8*f - 2. Let o(q) = 7*g(q) - 4*p(q). Calculate o(k).
-15
Let w = 17 - 13. Let k(f) be the second derivative of -f**4/12 + 2*f. Let u(r) = -r**3 + 8*r**2 - 7*r + 6. Let q(z) = 3*k(z) + u(z). Give q(w).
-6
Suppose 90 = 4*c - 30. Suppose 0*x - c = -6*x. Let t(o) = 2*o**2 - o**2 - 2 - o - 4 + x. Calculate t(2).
1
Let v(j) be the third derivative of -j**5/30 - 5*j**4/24 - j**3/3 + 48*j**2. What is v(-4)?
-14
Suppose 5*q + 2*z - 5 = -3*z, -17 = q - 5*z. Let g(b) be the second derivative of 0 - 1/2*b**2 - 1/2*b**3 - 5*b + 0*b**4 + 1/20*b**5. Determine g(q).
-3
Let i(l) = -3*l**2 + 5*l - 5. Let d be i(2). Let f(x) = -x**2 - 4*x + 10. Determine f(d).
-11
Let g(y) be the second derivative of -y**3/2 - y**2 + y. Let u(a) = -18*a + 3. Let z be u(2). Let j = 31 + z. Determine g(j).
4
Let r(a) = -3 + 199*a**2 - 21*a**3 - 213*a**2 + 22*a**3 - 15*a - 5. What is r(15)?
-8
Let d(q) = 0*q**2 + q**2 + 9*q**2. Suppose -y - 1 + 0 = 0. Determine d(y).
10
Let z(p) = 62*p - 60*p - 7 - 4. Let u = -13 - -21. What is z(u)?
5
Let g(i) = -3*i**2 + i + 1. Let m(p) = 2*p**2 + 6*p - 10. Let f(b) = -g(b) - m(b). Let w(a) = a**3 + a**2 + 6. Let x be w(0). Determine f(x).
3
Let k = -39 + 40. Let x be -4 + k + 1/(-1). Let z(m) = 3*m + 3. Determine z(x).
-9
Let c(a) = -a**2 - a + 1. Let b(s) = s**3 - 13*s**2 + s + 6. Let j(q) = b(q) - 6*c(q). Let h = -25 - -33. Let k = h - 3. What is j(k)?
-15
Let i(d) = -2*d**2 + 6*d - 15. Let f(u) = u + 1. Let q(v) = -v**2 - 3*v - 13. Let o(n) = -6*f(n) - q(n). Let r(k) = 3*i(k) + 7*o(k). What is r(4)?
8
Let c(g) = -g**2 - g + 2. Let r be c(0). Let z(u) = -u**2 - 19*u + 11. Let t be z(-19). Let w(s) = 6 - t - 2*s**3 + 1 + 3*s**2 + 3. Calculate w(r).
-5
Let p be ((-696)/(-580))/(34/20 - 2). Let u(a) be the third derivative of 0*a - a**2 - 1/4*a**4 - 1/12*a**5 + 0 - a**3 - 1/120*a**6. Give u(p).
2
Let l(y) = -2*y + 1. Let c(m) = -3*m + 1. Let f(q) = 5*c(q) - 7*l(q). Suppose -4*u + 5 = -a, -5*u - 4*a + 3*a - 5 = 0. Calculate f(u).
-2
Let d(f) = -f**3 + 9*f**2. Let z be d(9). Suppose i + z = 2. Let y(b) be the third derivative of -b**5/20 + b**4/12 + b**3/6 + 108*b**2. What is y(i)?
-7
Let z(o) = o**2 + 4. Let y = 4 - 2. Let l be ((-3)/2)/((-8)/(-16)). Let f(u) = 2*u**2 + 5. Let i(r) = l*z(r) + y*f(r). Calculate i(3).
7
Let s = -82 - -91. Let m(l) = 2*l - s + 4 - l. Calculate m(0).
-5
Let r = -11 + 21. Let v be -1 + 1 + 20/r. Let g(w) = -3*w**2 + 5*w + 7. Let l(m) = -5*m**2 + 9*m + 13. Let i(f) = -11*g(f) + 6*l(f). Give i(v).
11
Let f(r) be the first derivative of -r**5/60 - r**4/12 - r**3/3 - 5*r**2/2 - 14. Let p(k) be the second derivative of f(k). Give p(-3).
-5
Let z(o) = o + 4. Let f(j) = -j. Let c(t) = 8*t + 1. Let x(w) = -c(w) - 5*f(w). Suppose -4 + 3 = -v. Let l be x(v). Calculate z(l).
0
Let i = 77 - 74. Suppose -13*t = -i*t - 60. Let u(a) = -3*a + 8. Give u(t).
-10
Let v(u) be the first derivative of -1/2*u**2 + 4 - 4*u. Give v(-5).
1
Let j(a) = a**3 - 9*a**2 + 16*a - 9. Let y be j(7). Suppose 2 = y*k - 4*k. Let s(o) = 4*o - 7. Let f(p) = 4*p - 6. Let c(b) = -4*f(b) + 3*s(b). What is c(k)?
-5
Let y = 12 - 1. Let n = -6 + y. Let w(b) = n + 7*b - 20*b + 10*b - 3. Calculate w(-2).
8
Let k(g) = -7*g**2 + 20*g + 21. Let j(z) = -z**2 + 10. Let w(u) = -4*j(u) + k(u). What is w(6)?
-7
Let o(z) = 2*z**3 - 4*z**2 + 5*z. Let i be o(2). Suppose 2*f + 13 = c, 2 = 4*c - i. Let b(m) = m + 1. Calculate b(f).
-4
Let m = -34 + 37. Suppose 17 = x - 4*w, 2*w - w = m*x - 29. Let d(u) = u. Determine d(x).
9
Let l(h) be the third derivative of h**8/6720 + h**7/630 - h**6/144 - h**5/120 - 11*h**4/24 - 4*h**2. Let b(c) be the second derivative of l(c). Give b(-5).
-1
Let j(q) = q**3 - 7*q**2 + 7*q - 1. Suppose -5*c + 14 = -1. Let x = c + -3. Suppose x = 5*v - 15 - 15. Calculate j(v).
5
Let t(u) be the first derivative of u**3/3 + 9*u**2/2 - 11*u + 45. What is t(-8)?
-19
Let t(w) = w**3 + 10*w**2 - 2*w - 22. Let b(o) = -11*o - 505. Let x be b(-45). Give t(x).
-2
Let f(l) = -24 - 21 - 27 - 12*l + 96 - 23 + l**2. Calculate f(11).
-10
Let d(i) = 1 + i + 2*i + 0*i. Let f(u) = -u**2 + 21*u + 19. Let m be f(22). Give d(m).
-8
Let g(a) = 27 - a - 25 + 3*a. Let q be 144/8*(-10)/(-45). Calculate g(q).
10
Suppose -2*n = -6*n + 12. Suppose 0 = 2*c + 4*j - 7*j - 14, 3*j + 15 = n*c. Let w(x) = 4*x**2 - x. What is w(c)?
3
Suppose j - 10*j + 18 = 0. Let f(h) = -5*h**j + 7*h**2 + 2 + 3*h - h - 3. Calculate f(-2).
3
Suppose 7*p - 13 = -3*a + 11*p, 3*a - 5*p = 11. Let c(d) = d**3 - 8*d**2 + 7*d - 10. Determine c(a).
-10
Let x(r) be the first derivative of -1/3*r**3 + 3*r**2 + 7 - 3*r. Let f(z) = -z - 5. Let s be f(-9). Give x(s).
5
Let s(n) = -2*n - 4. Let x(a) = 7*a + 10. Let i(d) = -8*s(d) - 3*x(d). Calculate i(-2).
12
Let a(y) = 37*y + 35. Let u(f) = -13*f - 11. Let w(k) = -2*a(k) - 7*u(k). What is w(-2)?
-27
Let l(q) be the first derivative of 5*q**2/2 + 7*q - 433. Give l(-5).
-18
Suppose -2*r + 7*r - 25 = 0. Suppose r*u - 25 = -0*u. Let d(i) = 2*i**2 + 18 - 4*i**2 - 16 + 3*i**2 - 5*i. Determine d(u).
2
Let d(u) be the third derivative of 5/24*u**4 + u**2 + 0*u + 0 + 1/30*u**5 + 1/3*u**3. Suppose -14*x = 11*x + 75. Determine d(x).
5
Suppose 0 = -6*y + 47 + 769. Let o be 11/(-8) + 51/y. Let m(n) be the second derivative of n**5/10 - n**3/6 - n**2/2 - n. Determine m(o).
-2
Let w(k) = 11*k + 2*k - 8*k - k**2 - k - 6. Calculate w(2).
-2
Let z = 53 + -4. Let j = -47 + z. Let d(u) = u - u - 6*u. What is d(j)?
-12
Let z(u) = -2 - 5*u + u + 2*u. Let q be 168/60 - 5 - (-2)/10. Calculate z(q).
2
Let y = -55 - -49. Let g be ((-6)/7)/(y*(-1)/42). Let i(h) = -12 + 0*h + 4 - h**2 - 8*h. Calculate i(g).
4
Let k(m) = -2*m**3 - 2*m**2 - 3*m - 7. Let t(a) = 3*a**3 + 2*a**2 + 5*a + 10. Let i(s) = 4*k(s) + 3*t(s). Give i(3).
20
Let s(a) = a**2 + 6*a + 6. Let z be s(-5). Let v be -2 + z + (0 - 14). Let m be 10/v*9/(-2). Let x(t) = t**2 - 2*t - 2. Determine x(m).
1
Let y(k) be the first derivative of 2*k**2 - 4*k - 2. Let m = 3087 - 3084. What is y(m)?
8
Suppose -5 = -2*s - x,